{"id":393,"date":"2021-04-13T20:45:02","date_gmt":"2021-04-13T18:45:02","guid":{"rendered":"https:\/\/retztal-lamas.de\/retztallamas20\/?page_id=393"},"modified":"2022-04-18T21:10:45","modified_gmt":"2022-04-18T19:10:45","slug":"erlebnisse","status":"publish","type":"page","link":"https:\/\/retztal-lamas.de\/retztallamas20\/erlebnisse\/","title":{"rendered":"Wanderungen und Erlebnisse"},"content":{"rendered":"\n<p>Wir bieten Wanderungen in einer zusammengew\u00fcrfelten Gruppe sowie Wanderungen f\u00fcr geschlossene Gruppen und individuelle \u201eexclusive\u201c Wanderungen an. Ein besonderes Erlebnis ist die Achtsamkeitswanderung.<\/p>\n\n\n\n<div class=\"wp-block-image\"><figure class=\"aligncenter size-large is-resized\"><img loading=\"lazy\" decoding=\"async\" src=\"https:\/\/retztal-lamas.de\/retztallamas20\/wp-content\/uploads\/2022\/04\/2022-01-29-Achtsamkeitswanderung-01-1024x1024.png\" alt=\"\" class=\"wp-image-778\" width=\"300\" height=\"300\" srcset=\"https:\/\/retztal-lamas.de\/retztallamas20\/wp-content\/uploads\/2022\/04\/2022-01-29-Achtsamkeitswanderung-01-1024x1024.png 1024w, https:\/\/retztal-lamas.de\/retztallamas20\/wp-content\/uploads\/2022\/04\/2022-01-29-Achtsamkeitswanderung-01-300x300.png 300w, https:\/\/retztal-lamas.de\/retztallamas20\/wp-content\/uploads\/2022\/04\/2022-01-29-Achtsamkeitswanderung-01-150x150.png 150w, https:\/\/retztal-lamas.de\/retztallamas20\/wp-content\/uploads\/2022\/04\/2022-01-29-Achtsamkeitswanderung-01-768x768.png 768w, https:\/\/retztal-lamas.de\/retztallamas20\/wp-content\/uploads\/2022\/04\/2022-01-29-Achtsamkeitswanderung-01-1536x1536.png 1536w, https:\/\/retztal-lamas.de\/retztallamas20\/wp-content\/uploads\/2022\/04\/2022-01-29-Achtsamkeitswanderung-01-2048x2048.png 2048w, https:\/\/retztal-lamas.de\/retztallamas20\/wp-content\/uploads\/2022\/04\/2022-01-29-Achtsamkeitswanderung-01-1600x1600.png 1600w\" sizes=\"(max-width: 300px) 100vw, 300px\" \/><\/figure><\/div>\n\n\n\n<p>In den letzten Jahren hat sich gezeigt, dass jede Wanderung anders ist. Abh\u00e4ngig von der Wetterlage, der Teilnehmerzusammensetzung, der Tagesverfassung (von Mensch UND Tier) und vielem anderen gestaltet sich die Wanderung jedesmal anders. Erfahrungsgem\u00e4\u00df sind unsere Tiere jedoch ruhiger, je kleiner und ruhiger die Gruppe ist. Deshalb habe ich beschlossen nicht mehr als 10 Personen auf eine Wanderung mitzunehmen und mein Angebot mehr auf Kleingruppen und Einzelwanderungen zu konzentrieren.<\/p>\n\n\n\n<p>Die Wanderwege werden je nach Witterung, Fitness-Level der Teilnehmer und gew\u00fcnschter Wanderdauer gew\u00e4hlt. Im Herbst und Fr\u00fchjahr geht es meist durch die Weinberge, im Sommer durch die W\u00e4lder. Da wir hier im Retztal immer Steigungen haben und die Wege sowohl Schotterwege, Wiesen, Felder, Waldwege und kleinere Trampelpfade beinhalten, ist eine geeignete Kleidung und eine entsprechende k\u00f6rperliche Fitness Voraussetzung. F\u00fcr Kleinkinder sind unsere Wanderungen daher eher ungeeignet. Kinderw\u00e4gen und Hunde k\u00f6nnen leider nicht mitgebracht werden.<\/p>\n\n\n\n<h2 class=\"wp-block-heading\">Wie gestaltet sich so eine Lamawanderung?<\/h2>\n\n\n\n<p>Es gibt mittlerweile viele Anbieter von Lama- und Alpakawanderungen.<\/p>\n\n\n\n<p>Jeder gestaltet diese Events anders. Und jeder hat andere Gegebenheiten vor Ort.<\/p>\n\n\n\n<p>In den letzten Jahren habe ich nicht nur durch meine Ausbildungen, sondern auch durch die Erfahrung Einiges gelernt und mir &#8211; zur Sicherheit von Mensch und Tier &#8211; Standards gesetzt.<\/p>\n\n\n\n<p>Meines Erachtens ist es f\u00fcr solch sensible Tiere wie es die Neuweltkameliden sind, auf keinen Fall angenehm, wenn die Anzahl der Menschen auf so einer Wanderung die Zahl der Tiere bei weitem \u00fcberschreitet. Optimal ist eine Person pro Tier, dann kann die Wanderung in Ruhe ablaufen und die Lamas sind weniger gestresst. Deshalb nehme ich bei 6 Lamas am liebsten 6 Personen, allerh\u00f6chstens 10, und nur in Ausnahmef\u00e4llen 12 Personen mit. Dann jedoch brauche ich einen Helfer oder eine Helferin, die sich auskennt und die Wanderung mit mir zusammen begleitet. (Den Luxus von Mitarbeitern kann ich mir leider nicht leisten, deshalb kann ich gro\u00dfe Gruppen nur annehmen, wenn mich freiwillige Helfer oder Praktikanten unterst\u00fctzen). Bei gr\u00f6\u00dferen Gruppen ist es mir au\u00dferdem wichtig, darauf zu achten, dass Menschen die gerade kein Lama f\u00fchren vor der Gruppe laufen. Als Fluchttiere macht es die Lamas nerv\u00f6s, wenn sich hinter ihnen st\u00e4ndig was bewegt.<\/p>\n\n\n\n<p>Bei jeder meiner Wanderungen ist es mir au\u00dferdem wichtig, dass die meisten der Fragen die verst\u00e4ndlicherweise auftauchen, VOR der Wanderung beantwortet werden. Genau daf\u00fcr mache ich eine ausf\u00fchrliche Einf\u00fchrung, damit ich mich unterwegs auf die Tiere konzentrieren kann.<\/p>\n\n\n\n<p>Meine Wanderrouten sind hier im Retztal nicht mit breiten geteerten Wegen ausgestattet. Wir sind sehr viel auf schmalen Trampelpfaden, Waldwegen, Wiesenwegen, Schotterpisten, manchmal Weinbergszeilen und vor allem sehr vielen Steigungen unterwegs. Das macht das Erlebnis in der Natur besonders einzigartig und abwechslungsreich, erfordert aber vom Lamaf\u00fchrer auch noch einmal eine extra Portion besondere Aufmerksamkeit. F\u00fcr eine gro\u00dfe Personengruppe ist hier ein Nebeneinanderlaufen meist nicht m\u00f6glich. (Bei anderen Anbietern mag das anders sein).Wer also mit den Retztal Lamas dieses besondere Naturerlebnis genie\u00dfen m\u00f6chte, darf sich darauf einstellen, dass wir hier achtsam, in Ruhe und mit dem Fokus auf unsere Wahrnehmung im Einklang mit der Natur und dem Tier ein paar wertvolle Stunden verbringen.<\/p>\n\n\n\n<div class=\"wp-block-image\"><figure class=\"aligncenter size-large is-resized\"><img loading=\"lazy\" decoding=\"async\" src=\"https:\/\/retztal-lamas.de\/retztallamas20\/wp-content\/uploads\/2022\/04\/2022-Achtsamkeitswanderung-300x300-1-1024x1024.png\" alt=\"\" class=\"wp-image-782\" width=\"300\" height=\"300\" srcset=\"https:\/\/retztal-lamas.de\/retztallamas20\/wp-content\/uploads\/2022\/04\/2022-Achtsamkeitswanderung-300x300-1-1024x1024.png 1024w, https:\/\/retztal-lamas.de\/retztallamas20\/wp-content\/uploads\/2022\/04\/2022-Achtsamkeitswanderung-300x300-1-300x300.png 300w, https:\/\/retztal-lamas.de\/retztallamas20\/wp-content\/uploads\/2022\/04\/2022-Achtsamkeitswanderung-300x300-1-150x150.png 150w, https:\/\/retztal-lamas.de\/retztallamas20\/wp-content\/uploads\/2022\/04\/2022-Achtsamkeitswanderung-300x300-1-768x768.png 768w, https:\/\/retztal-lamas.de\/retztallamas20\/wp-content\/uploads\/2022\/04\/2022-Achtsamkeitswanderung-300x300-1-1536x1536.png 1536w, https:\/\/retztal-lamas.de\/retztallamas20\/wp-content\/uploads\/2022\/04\/2022-Achtsamkeitswanderung-300x300-1-2048x2048.png 2048w, https:\/\/retztal-lamas.de\/retztallamas20\/wp-content\/uploads\/2022\/04\/2022-Achtsamkeitswanderung-300x300-1-1600x1600.png 1600w\" sizes=\"(max-width: 300px) 100vw, 300px\" \/><\/figure><\/div>\n","protected":false},"excerpt":{"rendered":"<p>Wir bieten Wanderungen in einer zusammengew\u00fcrfelten Gruppe sowie Wanderungen f\u00fcr geschlossene Gruppen und individuelle \u201eexclusive\u201c Wanderungen an. Ein besonderes Erlebnis&hellip;<\/p>\n","protected":false},"author":1,"featured_media":0,"parent":0,"menu_order":0,"comment_status":"closed","ping_status":"closed","template":"","meta":{"footnotes":""},"class_list":["post-393","page","type-page","status-publish","hentry"],"_links":{"self":[{"href":"https:\/\/retztal-lamas.de\/retztallamas20\/wp-json\/wp\/v2\/pages\/393"}],"collection":[{"href":"https:\/\/retztal-lamas.de\/retztallamas20\/wp-json\/wp\/v2\/pages"}],"about":[{"href":"https:\/\/retztal-lamas.de\/retztallamas20\/wp-json\/wp\/v2\/types\/page"}],"author":[{"embeddable":true,"href":"https:\/\/retztal-lamas.de\/retztallamas20\/wp-json\/wp\/v2\/users\/1"}],"replies":[{"embeddable":true,"href":"https:\/\/retztal-lamas.de\/retztallamas20\/wp-json\/wp\/v2\/comments?post=393"}],"version-history":[{"count":10,"href":"https:\/\/retztal-lamas.de\/retztallamas20\/wp-json\/wp\/v2\/pages\/393\/revisions"}],"predecessor-version":[{"id":784,"href":"https:\/\/retztal-lamas.de\/retztallamas20\/wp-json\/wp\/v2\/pages\/393\/revisions\/784"}],"wp:attachment":[{"href":"https:\/\/retztal-lamas.de\/retztallamas20\/wp-json\/wp\/v2\/media?parent=393"}],"curies":[{"name":"wp","href":"https:\/\/api.w.org\/{rel}","templated":true}]}}