{"id":1075,"date":"2022-06-30T14:46:56","date_gmt":"2022-06-30T12:46:56","guid":{"rendered":"https:\/\/retztal-lamas.de\/retztallamas20\/?page_id=1075"},"modified":"2024-08-14T18:10:21","modified_gmt":"2024-08-14T16:10:21","slug":"preisliste","status":"publish","type":"page","link":"https:\/\/retztal-lamas.de\/retztallamas20\/preisliste\/","title":{"rendered":"Preisliste"},"content":{"rendered":"\n<p>Preisliste als PDF:<\/p>\n\n\n\n<div class=\"wp-block-file\"><a id=\"wp-block-file--media-9bc7195a-fe21-4443-a6a7-4f396ab92e4f\" href=\"https:\/\/retztal-lamas.de\/retztallamas20\/wp-content\/uploads\/2022\/06\/Preisliste-Lamawanderungen-ab-072022.pdf\">Preisliste-Lamawanderungen-ab-072022<\/a><a href=\"https:\/\/retztal-lamas.de\/retztallamas20\/wp-content\/uploads\/2022\/06\/Preisliste-Lamawanderungen-ab-072022.pdf\" class=\"wp-block-file__button wp-element-button\" download aria-describedby=\"wp-block-file--media-9bc7195a-fe21-4443-a6a7-4f396ab92e4f\">Herunterladen<\/a><\/div>\n\n\n\n<p><strong><u>Preisliste Lamawanderungen ab 01.07.2022<\/u><\/strong><\/p>\n\n\n\n<p><strong><em>Von Montag bis Donnerstag gelten folgende Preise:<\/em><\/strong><\/p>\n\n\n\n<ul class=\"wp-block-list\">\n<li>Offene Wanderung ab drei Personen: 35 Euro pro Person mit einem Lama<\/li>\n<\/ul>\n\n\n\n<p>Zwei Personen an einem Lama 55 Euro<\/p>\n\n\n\n<p>(Zum Beispiel 1 Erwachsener und 1 Kind)<\/p>\n\n\n\n<ul class=\"wp-block-list\">\n<li>Exclusive Wanderung f\u00fcr 2 Personen ohne weitere Teilnehmer:&nbsp; 100 Euro<\/li>\n<\/ul>\n\n\n\n<p>Exclusive Lamawanderung mit Picknick f\u00fcr 2 Personen: 140 Euro<\/p>\n\n\n\n<ul class=\"wp-block-list\">\n<li>Gruppenwanderung 8 Personen: 280Euro<\/li>\n<\/ul>\n\n\n\n<p>jede weitere Person 20 Euro,<\/p>\n\n\n\n<p>maximale Teilnehmerzahl: 12 Personen<\/p>\n\n\n\n<ul class=\"wp-block-list\">\n<li>Wer bei einem selbstmitgebrachten Picknick noch auf unserem Hof verweilen m\u00f6chte: Hofnutzung sowie Nutzung von K\u00fchlschrank, Geschirr, Tassen, Gl\u00e4ser usw.<\/li>\n\n\n\n<li>&nbsp;5 Euro pro Person pro Stunde<\/li>\n<\/ul>\n\n\n\n<p>Kinder unter 8 Jahren k\u00f6nnen noch kein Lama f\u00fchren und k\u00f6nnen kostenlos mitgenommen werden. Kinder von 8 bis 12 Jahren f\u00fchren zusammen mit einem Erwachsenen.<\/p>\n\n\n\n<p>Pro Lama k\u00f6nnen maximal 2 Personen bei der Wanderung mitlaufen. Da wir 8 Lamas haben, darf insgesamt die Personenzahl nicht h\u00f6her als 16 sein.<\/p>\n\n\n\n<p><strong><em>Von Freitag bis Sonntag gelten folgende Preise:<\/em><\/strong><\/p>\n\n\n\n<p>Offene Wanderung: 35 Euro pro Person mit einem Lama<\/p>\n\n\n\n<p>(kommt nur zustande bei mindestens 4 Teilnehmern)<\/p>\n\n\n\n<p>Zwei Personen an einem Lama: 55 Euro (Zum Beispiel 1 Erwachsener, 1 Kind unter 12 Jahren)<\/p>\n\n\n\n<p>Gruppenwanderung ab 8 Personen: 280 Euro, jede weitere Person 20 Euro, Maximale Teilnehmerzahl : 12<\/p>\n\n\n\n<p>Mit selbstmitgebrachtem Picknick: 5 Euro pro Person f\u00fcr jede weitere Stunde auf dem Hof<\/p>\n\n\n\n<p>Individuelle Wanderungen: 210 Euro ab 2 Personen f\u00fcr bis zu 6 Personen<\/p>\n\n\n\n<p>ab der 7. Person 35 Euro pro Person<\/p>\n\n\n\n<p>Zehnerkarte f\u00fcr Lamawanderungen: 300 Euro (von Montag bis Sonntag einsetzbar)<\/p>\n\n\n\n<p>Achtsamkeitswanderungen: 45 Euro pro Person ab 18 Jahren, max. Teilnehmerzahl: 6<\/p>\n\n\n\n<p><strong><u>Preisliste Kindergeburtstage ab 1.7.2022<\/u><\/strong><\/p>\n\n\n\n<p><strong>Kindergeburtstag ohne Wanderung f\u00fcr Kinder <em>unter <\/em>9 Jahren<\/strong><\/p>\n\n\n\n<p>Beinhaltet<\/p>\n\n\n\n<ul class=\"wp-block-list\">\n<li>Lamas kennenlernen, hautnah erleben und Wissenswertes \u00fcber sie erfahren<\/li>\n\n\n\n<li>Lamaf\u00fchrerschein auf dem Hof<\/li>\n\n\n\n<li>Malen und Basteln mit Lamawolle<\/li>\n\n\n\n<li>Kleine Schatzsuche (Schatzinhalt selbst mitbringen oder von uns bef\u00fcllen lassen f\u00fcr 20 Euro)<\/li>\n\n\n\n<li>Hofbenutzung f\u00fcr mitgebrachte Speisen und Getr\u00e4nke (Gl\u00e4ser, Teller, Tassen, Besteck, K\u00fchlschrank, Herd, Backofen vorhanden)<\/li>\n<\/ul>\n\n\n\n<p>F\u00fcr 5 Kinder und 2 erwachsene Begleitpersonen: 200 Euro<\/p>\n\n\n\n<p>Jedes weitere Kind: 25 Euro<\/p>\n\n\n\n<p>Dauer: ca. 3 \u2013 3,5 Stunden (jede weitere Stunde: 30 Euro)<\/p>\n\n\n\n<p>Optional zubuchbar:<\/p>\n\n\n\n<ul class=\"wp-block-list\">\n<li>Pizza backen im Backofen: 15 Euro (Die Zutaten bringen Sie mit)<\/li>\n\n\n\n<li>Feuerschale f\u00fcr Stockbrot: 25 Euro<\/li>\n<\/ul>\n\n\n\n<p><strong>Kindergeburtstag mit Wanderung f\u00fcr Kinder ab 9 Jahren<\/strong><\/p>\n\n\n\n<p>Beinhaltet<\/p>\n\n\n\n<ul class=\"wp-block-list\">\n<li>Lamas kennenlernen und Wissenswertes \u00fcber Lamas erfahren<\/li>\n\n\n\n<li>1-1,5 st\u00fcndige Lamawanderung<\/li>\n\n\n\n<li>Lamaf\u00fchrerschein auf dem Hof<\/li>\n\n\n\n<li>Kleine Schatzssuche (Schatzinhalt selbst mitbringen oder von uns bef\u00fcllen lassen f\u00fcr 20 Euro)<\/li>\n\n\n\n<li>Hofbenutzung f\u00fcr mitgebrachte Speisen und Getr\u00e4nke<\/li>\n<\/ul>\n\n\n\n<p>F\u00fcr 5 Kinder und 2 erwachsene Begleitpersonen: 200 Euro<\/p>\n\n\n\n<p>Jedes weitere Kind: 25 Euro<\/p>\n\n\n\n<p>Dauer: ca. 3 \u2013 3,5 Stunden (jede weitere Stunde: 30 Euro)<\/p>\n\n\n\n<p>Optional zubuchbar:<\/p>\n\n\n\n<ul class=\"wp-block-list\">\n<li>Pizza backen im Backofen: 15 Euro (Die Zutaten bringen Sie mit)<\/li>\n\n\n\n<li>Feuerschale f\u00fcr Stockbrot: 25 Euro<\/li>\n<\/ul>\n\n\n\n<p><strong><u>Preisliste Tiergest\u00fctzte Interventionen:<\/u><\/strong><\/p>\n\n\n\n<p>Erstgespr\u00e4ch\/Erstes Treffen: 120 Minuten: 100 Euro<\/p>\n\n\n\n<p>Tiergest\u00fctzte Einzelintervention 90 Minuten: 75 Euro<\/p>\n\n\n\n<p>Tiergest\u00fctzte Einzelintervention 60 Minuten: 55 Euro<\/p>\n","protected":false},"excerpt":{"rendered":"<p>Preisliste als PDF: Preisliste Lamawanderungen ab 01.07.2022 Von Montag bis Donnerstag gelten folgende Preise: Zwei Personen an einem Lama 55&hellip;<\/p>\n","protected":false},"author":1,"featured_media":0,"parent":0,"menu_order":0,"comment_status":"closed","ping_status":"closed","template":"","meta":{"footnotes":""},"class_list":["post-1075","page","type-page","status-publish","hentry"],"_links":{"self":[{"href":"https:\/\/retztal-lamas.de\/retztallamas20\/wp-json\/wp\/v2\/pages\/1075"}],"collection":[{"href":"https:\/\/retztal-lamas.de\/retztallamas20\/wp-json\/wp\/v2\/pages"}],"about":[{"href":"https:\/\/retztal-lamas.de\/retztallamas20\/wp-json\/wp\/v2\/types\/page"}],"author":[{"embeddable":true,"href":"https:\/\/retztal-lamas.de\/retztallamas20\/wp-json\/wp\/v2\/users\/1"}],"replies":[{"embeddable":true,"href":"https:\/\/retztal-lamas.de\/retztallamas20\/wp-json\/wp\/v2\/comments?post=1075"}],"version-history":[{"count":5,"href":"https:\/\/retztal-lamas.de\/retztallamas20\/wp-json\/wp\/v2\/pages\/1075\/revisions"}],"predecessor-version":[{"id":1196,"href":"https:\/\/retztal-lamas.de\/retztallamas20\/wp-json\/wp\/v2\/pages\/1075\/revisions\/1196"}],"wp:attachment":[{"href":"https:\/\/retztal-lamas.de\/retztallamas20\/wp-json\/wp\/v2\/media?parent=1075"}],"curies":[{"name":"wp","href":"https:\/\/api.w.org\/{rel}","templated":true}]}}